9133?
True
Is 236743200 a multiple of 4192?
True
Is 28211211 a multiple of 9?
True
Does 43 divide 4402851?
False
Is 1353 a factor of 41111786?
False
Is 146 a factor of 401716059?
False
Is 3712057 a multiple of 401?
True
Is 29 a factor of 57709937?
False
Is 673 a factor of 118991329?
False
Is 208393509 a multiple of 26?
False
Is 727 a factor of 8831897?
False
Is 2929359005 a multiple of 4255?
True
Is 1761 a factor of 20765712?
True
Is 934278860 a multiple of 340?
True
Is 852246060 a multiple of 60?
True
Is 296 a factor of 3737527781?
False
Is 1352 a factor of 1055269774?
False
Does 15 divide 1902596557?
False
Is 202180412 a multiple of 28?
True
Does 26 divide 196015522?
False
Is 1764 a factor of 536472972?
True
Does 7 divide 23048920?
False
Is 29610195 even?
False
Is 56 a factor of 27842864?
True
Does 33 divide 303424275?
True
Does 994 divide 128259917?
False
Is 5 a factor of 1639891?
False
Does 13 divide 3140619605?
False
Is 35790328 a multiple of 268?
True
Is 151 a factor of 97378239?
True
Is 4016 a factor of 1901580016?
True
Is 17 a factor of 150166933?
True
Does 348 divide 188532132?
True
Is 116045424 a multiple of 72?
True
Does 73 divide 227517252?
False
Is 1198461050 a multiple of 1130?
True
Is 213619668 a multiple of 931?
False
Is 11160270 a multiple of 3?
True
Is 2140804900 a multiple of 100?
True
Is 781780355 a multiple of 379?
True
Is 152756870 a multiple of 10?
True
Is 22 a factor of 376991337?
False
Is 34200471 a multiple of 13?
False
Is 93973260 a multiple of 1090?
True
Is 109100340 a multiple of 176?
False
Is 877 a factor of 5048889?
True
Is 6 a factor of 3253861428?
True
Is 1939852646 a multiple of 8?
False
Is 34 a factor of 115364648?
False
Is 248 a factor of 120975392?
True
Does 69 divide 308106783?
False
Is 42 a factor of 56304930?
False
Does 112 divide 185839934?
False
Does 808 divide 36162040?
True
Does 684 divide 10331797?
False
Is 178121570 a multiple of 11?
True
Is 2012 a factor of 29913231?
False
Does 117 divide 13145804?
False
Does 233 divide 5410285524?
False
Is 3 a factor of 12049419?
True
Is 3649732 a multiple of 163?
False
Is 43 a factor of 112229140?
True
Is 42 a factor of 140817308?
False
Is 40035340 a multiple of 3?
False
Is 66 a factor of 6678722?
False
Is 4667 a factor of 1258988588?
True
Does 49 divide 252289730?
True
Is 8809 a factor of 371369822?
True
Does 26 divide 15178721?
False
Is 10 a factor of 191182948?
False
Is 2207 a factor of 35031711?
True
Does 285 divide 835364925?
True
Does 43 divide 1464961?
False
Does 85 divide 1299664780?
False
Is 28 a factor of 862779848?
True
Is 10 a factor of 195941140?
True
Does 907 divide 278378588?
False
Is 42388399 a multiple of 56?
False
Is 178689307 a multiple of 110?
False
Is 45 a factor of 51792456?
False
Is 1892735271 a multiple of 210?
False
Does 1129 divide 159639471?
True
Is 21102929 a multiple of 832?
False
Is 273555 a multiple of 8?
False
Does 2643 divide 100837448?
False
Does 12 divide 69446856?
True
Is 127088606 a multiple of 19?
True
Is 69 a factor of 722701377?
True
Is 3472 a factor of 319647276?
False
Is 117 a factor of 328012100?
False
Is 271826570 a multiple of 290?
True
Is 268 a factor of 6550634?
False
Is 24 a factor of 242682456?
True
Is 3242 a factor of 338556072?
False
Does 66 divide 298092941?
False
Is 12691052 a multiple of 11?
True
Is 489066279 a multiple of 208?
False
Is 848 a factor of 40170608?
True
Is 29413488 a multiple of 16?
True
Is 358125372 a multiple of 11?
True
Does 33 divide 140557956?
True
Is 1518 a factor of 2232953712?
True
Is 149615275 a multiple of 156?
False
Is 136 a factor of 12036680?
True
Does 1897 divide 134364510?
True
Is 4 a factor of 88927391?
False
Does 104 divide 6028226?
False
Is 3839 a factor of 3111891500?
False
Is 26 a factor of 14759056?
True
Does 8 divide 2178549456?
True
Is 7912672 a multiple of 16?
True
Is 163 a factor of 198377031?
True
Does 29 divide 617268997?
False
Is 146 a factor of 24485660?
True
Is 68 a factor of 99323928?
True
Does 43 divide 26253263?
True
Does 126 divide 1519534687?
False
Is 12415144 a multiple of 125?
False
Is 15 a factor of 22532475?
True
Is 1588822962 a multiple of 512?
False
Does 197 divide 211143143?
False
Is 29 a factor of 112206249?
True
Is 1120 a factor of 773936892?
False
Does 484 divide 788302905?
False
Is 784 a factor of 64393840?
True
Does 475 divide 1197900485?
False
Is 836 a factor of 1204522176?
True
Is 23 a factor of 8346224386?
False
Does 288 divide 116168233?
False
Is 24944473 a multiple of 2070?
False
Does 3022 divide 3133021749?
False
Is 264 a factor of 137137758?
False
Is 38 a factor of 263416722?
True
Does 82 divide 49918648?
True
Is 14 a factor of 15420071?
False
Is 65 a factor of 22693924?
False
Is 38 a factor of 1085028328?
False
Does 3030 divide 992343180?
True
Is 15 a factor of 254149390?
False
Does 12 divide 124302828?
True
Is 76460498 a multiple of 502?
False
Does 11 divide 241087933?
False
Is 930 a factor of 101627145?
False
Does 299 divide 430644318?
True
Is 56911563 a multiple of 17?
True
Is 27 a factor of 1195183612?
False
Is 23 a factor of 702348677?
True
Does 1981 divide 1897139?
False
Does 142 divide 59284716?
True
Is 688820230 a multiple of 166?
False
Is 122 a factor of 24249330?
True
Does 324 divide 102019012?
False
Is 21742560 a multiple of 6?
True
Is 41185536 a multiple of 39?
False
Is 351 a factor of 740789451?
False
Is 26 a factor of 499640232?
True
Does 50 divide 106453448?
False
Does 8564 divide 400546844?
True
Is 1462881691 a multiple of 223?
False
Does 275 divide 1284389150?
True
Does 1605 divide 425012025?
True
Is 1295657574 a multiple of 46?
True
Is 11438310 a multiple of 6?
True
Is 547 a factor of 21565269?
False
Does 41 divide 560156719?
True
Is 9 a factor of 29853822?
False
Is 194921441 a multiple of 121?
True
Is 97 a factor of 39487602?
False
Is 147 a factor of 230985849?
False
Is 488028404 a multiple of 265?
False
Is 5738240 a multiple of 64?
True
Is 893 a factor of 672751373?
True
Is 133505390 a multiple of 4174?
True
Is 143 a factor of 16662646?
True
Is 4107116034 a multiple of 1025?
False
Is 11 a factor of 18449497?
True
Is 1358 a factor of 99947442?
True
Does 10 divide 1513751399?
False
Is 79 a factor of 1148512902?
True
Is 469730671 a multiple of 11?
False
Does 2347 divide 72954148?
True
Does 139 divide 482484012?
True
Is 1297199847 a multiple of 266?
False
Does 589 divide 96886377?
True
Is 89 a factor of 259006821?
True
Is 34565775 a multiple of 75?
True
Does 20 divide 174581660?
True
Is 1273 a factor of 43786108?
True
Is 261186 a multiple of 19?
False
Does 9 divide 464865849?
True
Is 148214311 a multiple of 163?
False
Does 572 divide 253053215?
False
Is 5 a factor of 208603?
False
Is 5 a factor of 20089785?
True
Is 342 a factor of 26826480?
True
Is 97443725 a multiple of 64?
False
Is 28 a factor of 394158081?
False
Is 314157492 a multiple of 198?
True
Is 531 a factor of 3450556?
False
Does 398 divide 7875287?
False
Is 514209353 a multiple of 7?
True
Does 9 divide 857673?
True
Is 269 a factor of 3861369108?
True
Is 4795011 a multiple of 3?
True
Is 5 a factor of 4167534?
False
Is 334 a factor of 55524730?
False
Is 73 a factor of 140390242?
True
Is 23995715 a multiple of 442?
False
Does 2177 divide 2606556932?
True
Does 98 divide 1953672838?
False
Is 171183084 a multiple of 57?
True
Is 337 a factor of 25902180?
False
Is 243 a factor of 44494758?
True
Is 625132750 a multiple of 1133?
True
Is 75708244 a multiple of 76?
False
Is 170 a factor of 27008869?
False
Is 859566631 a multiple of 1463?
True
Does 156 divide 1072054776?
True
Is 1820 a factor of 104590517?
False
Is 27526280 a multiple of 15?
False
Does 28 divide 86991408?
True
Is 28 a factor of 487538912?
True
Does 1093 divide 131783570?
False
Does 4 divide 163558999?
False
Does 1373 divide 977180576?
True
Is 31274828 a multiple of 26?
True
Is 84 a factor of 34400248?
False
Is 1002181689 a multiple of 326?
False
Does 25 divide 199938075?
True
Does 38 divide 42643144?
True
Is 14 a factor of 770491857?
False
Is 8783712 a multiple of 112?
True
Does 38 divide 16688840?
True
Is 857409758 a multiple of 6?
False
Is 863738524 a multiple of 9?
False
Is 13 a factor of 18532567?
False
Does 20 divide 101880272?
False
Is 16017108 a multiple of 3013?
True
Is 2452 a factor of 263190324?
